{"id":2,"date":"2019-04-25T05:38:35","date_gmt":"2019-04-25T03:38:35","guid":{"rendered":"http:\/\/www.rima-it.at\/rima\/?page_id=2"},"modified":"2021-10-05T14:18:58","modified_gmt":"2021-10-05T12:18:58","slug":"beispiel-seite","status":"publish","type":"page","link":"https:\/\/www.rima-it.at\/rima\/","title":{"rendered":"RIMA IT Dienstleistungen Solution &#038; Consulting"},"content":{"rendered":"<div id=\"pl-2\"  class=\"panel-layout\" ><div id=\"pg-2-0\"  class=\"panel-grid panel-no-style\" ><div id=\"pgc-2-0-0\"  class=\"panel-grid-cell\" ><div id=\"panel-2-0-0-0\" class=\"so-panel widget widget_sow-editor panel-first-child\" data-index=\"0\" ><div\n\t\t\t\n\t\t\tclass=\"so-widget-sow-editor so-widget-sow-editor-base\"\n\t\t\t\n\t\t>\n<div class=\"siteorigin-widget-tinymce textwidget\">\n\t<p><img loading=\"lazy\" decoding=\"async\" class=\"aligncenter wp-image-66\" src=\"https:\/\/www.rima-it.at\/rima\/wp-content\/uploads\/2019\/04\/server-reparatur.png\" alt=\"RIMA IT Support - IT Service IT Dienstleistungen\" width=\"180\" height=\"180\" srcset=\"https:\/\/www.rima-it.at\/rima\/wp-content\/uploads\/2019\/04\/server-reparatur.png 211w, https:\/\/www.rima-it.at\/rima\/wp-content\/uploads\/2019\/04\/server-reparatur-150x150.png 150w\" sizes=\"auto, (max-width: 180px) 100vw, 180px\" \/><\/p>\n<\/div>\n<\/div><\/div><div id=\"panel-2-0-0-1\" class=\"so-panel widget widget_sow-editor panel-last-child\" data-index=\"1\" ><div class=\"panel-widget-style panel-widget-style-for-2-0-0-1\" ><div\n\t\t\t\n\t\t\tclass=\"so-widget-sow-editor so-widget-sow-editor-base\"\n\t\t\t\n\t\t>\n<div class=\"siteorigin-widget-tinymce textwidget\">\n\t<h3 style=\"text-align: center;\">Support<\/h3>\n<p>Schnelle und kompetente Hilfe f\u00fcr unsere Kunden sehe ich als meine Pflicht an.<\/p>\n<p>Egal ob Komplettbetreuung Ihrer IT Umgebung auf Basis einer Pauschale, oder Dienstleistung nach Bedarf .<\/p>\n<p>Viele M\u00f6glichkeiten, bedarfsgerecht und personalisiert: eben so, wie Sie es w\u00fcnschen.<\/p>\n<p>Schulungen \u00fcber IT Sicherheit<\/p>\n<p>Schulungen Internet Sicherheit und Gefahren des Internets<\/p>\n<\/div>\n<\/div><\/div><\/div><\/div><div id=\"pgc-2-0-1\"  class=\"panel-grid-cell\" ><div id=\"panel-2-0-1-0\" class=\"so-panel widget widget_sow-editor panel-first-child\" data-index=\"2\" ><div\n\t\t\t\n\t\t\tclass=\"so-widget-sow-editor so-widget-sow-editor-base\"\n\t\t\t\n\t\t>\n<div class=\"siteorigin-widget-tinymce textwidget\">\n\t<p><img loading=\"lazy\" decoding=\"async\" class=\"aligncenter wp-image-72\" src=\"https:\/\/www.rima-it.at\/rima\/wp-content\/uploads\/2019\/04\/support.png\" alt=\"IT Service Rippl MAnfred - RIMA IT Service\" width=\"180\" height=\"180\" srcset=\"https:\/\/www.rima-it.at\/rima\/wp-content\/uploads\/2019\/04\/support.png 211w, https:\/\/www.rima-it.at\/rima\/wp-content\/uploads\/2019\/04\/support-150x150.png 150w\" sizes=\"auto, (max-width: 180px) 100vw, 180px\" \/><\/p>\n<\/div>\n<\/div><\/div><div id=\"panel-2-0-1-1\" class=\"so-panel widget widget_sow-editor panel-last-child\" data-index=\"3\" ><div class=\"panel-widget-style panel-widget-style-for-2-0-1-1\" ><div\n\t\t\t\n\t\t\tclass=\"so-widget-sow-editor so-widget-sow-editor-base\"\n\t\t\t\n\t\t>\n<div class=\"siteorigin-widget-tinymce textwidget\">\n\t<h2 style=\"text-align: center;\">Wartung<\/h2>\n<p><strong>Workstation-Wartung<br \/>\n<\/strong>Die Wartung von Workstations, d.h. PCs und Notebooks, ist f\u00fcr den reibungslosen Ablauf Ihrer IT Prozesse notwendig.<br \/>\nInstallation von Updates, Kontrolle der Antiviren-Software und das regelm\u00e4\u00dfige L\u00f6schen von tempor\u00e4ren Dateien sollten regelm\u00e4\u00dfig erledigt werden.<\/p>\n<h4><\/h4>\n<p><strong>Server-Wartung<\/strong><br \/>\nServer m\u00fcssen auch gewartet werden.<br \/>\nDas Installieren der letzten Sicherheitsupdates, das Kontrollieren aller vitalen Funktionen und die \u00dcberwachung der Kapazit\u00e4ten sind f\u00fcr einen reibungslosen Betrieb unabdingbar.<\/p>\n<p>&nbsp;<\/p>\n<\/div>\n<\/div><\/div><\/div><\/div><div id=\"pgc-2-0-2\"  class=\"panel-grid-cell\" ><div id=\"panel-2-0-2-0\" class=\"so-panel widget widget_sow-editor panel-first-child\" data-index=\"4\" ><div\n\t\t\t\n\t\t\tclass=\"so-widget-sow-editor so-widget-sow-editor-base\"\n\t\t\t\n\t\t>\n<div class=\"siteorigin-widget-tinymce textwidget\">\n\t<p><img loading=\"lazy\" decoding=\"async\" class=\"aligncenter wp-image-69\" src=\"https:\/\/www.rima-it.at\/rima\/wp-content\/uploads\/2019\/04\/security.png\" alt=\"RIMA IT TEchnik Security IT Sicherheit\" width=\"180\" height=\"180\" srcset=\"https:\/\/www.rima-it.at\/rima\/wp-content\/uploads\/2019\/04\/security.png 211w, https:\/\/www.rima-it.at\/rima\/wp-content\/uploads\/2019\/04\/security-150x150.png 150w\" sizes=\"auto, (max-width: 180px) 100vw, 180px\" \/><\/p>\n<\/div>\n<\/div><\/div><div id=\"panel-2-0-2-1\" class=\"so-panel widget widget_sow-editor panel-last-child\" data-index=\"5\" ><div class=\"panel-widget-style panel-widget-style-for-2-0-2-1\" ><div\n\t\t\t\n\t\t\tclass=\"so-widget-sow-editor so-widget-sow-editor-base\"\n\t\t\t\n\t\t>\n<div class=\"siteorigin-widget-tinymce textwidget\">\n\t<h2 style=\"text-align: center;\">Security<\/h2>\n<p>Die richtige Beratung hilft Ihnen, die passende L\u00f6sung aus Hard- und Software auszuw\u00e4hlen, damit Sie \u00fcber die Laufzeit des Einsatzes der L\u00f6sung optimalen Nutzen ziehen k\u00f6nnen.<\/p>\n<p>Durch die st\u00e4ndige Vernetzung unseres Alltags und die immer gr\u00f6\u00dfer werdenden Abh\u00e4ngigkeit von Daten und deren Verf\u00fcgbarkeit zu jeder Zeit an jedem Ort, steigen die Anforderungen an die Sicherheit der IT-Infrastruktur enorm an.<br \/>\nDaten m\u00fcssen durch einen hohen Verschl\u00fcsselungsgrad, Zug\u00e4nge durch starke Passw\u00f6rter und Endger\u00e4te durch spezielle Sicherheitssoftware gesch\u00fctzt werden. Trotzdem muss die Handhabung einfach bleiben, damit Fehlbedienung oder Fehlkonfiguration keine Schlupfl\u00f6cher offen l\u00e4sst.<\/p>\n<\/div>\n<\/div><\/div><\/div><\/div><\/div><div id=\"pg-2-1\"  class=\"panel-grid panel-no-style\" ><div id=\"pgc-2-1-0\"  class=\"panel-grid-cell\" ><div id=\"panel-2-1-0-0\" class=\"so-panel widget widget_black-studio-tinymce widget_black_studio_tinymce panel-first-child panel-last-child\" data-index=\"6\" ><div class=\"panel-widget-style panel-widget-style-for-2-1-0-0\" ><div class=\"textwidget\"><hr \/>\n<\/div><\/div><\/div><\/div><\/div><div id=\"pg-2-2\"  class=\"panel-grid panel-no-style\" ><div id=\"pgc-2-2-0\"  class=\"panel-grid-cell\" ><div id=\"panel-2-2-0-0\" class=\"so-panel widget widget_black-studio-tinymce widget_black_studio_tinymce panel-first-child panel-last-child\" data-index=\"7\" ><div class=\"panel-widget-style panel-widget-style-for-2-2-0-0\" ><div class=\"textwidget\"><h4 style=\"text-align: center;\">RIMA-IT ist zertifizierter GDATA Partner<\/h4>\n<\/div><\/div><\/div><\/div><div id=\"pgc-2-2-1\"  class=\"panel-grid-cell\" ><div id=\"panel-2-2-1-0\" class=\"so-panel widget widget_black-studio-tinymce widget_black_studio_tinymce panel-first-child panel-last-child\" data-index=\"8\" ><div class=\"textwidget\"><p><a href=\"https:\/\/www.gdata.de\/internet-security\" target=\"_blank\" rel=\"noopener\"><img loading=\"lazy\" decoding=\"async\" class=\"aligncenter wp-image-156 size-full\" src=\"https:\/\/www.rima-it.at\/rima\/wp-content\/uploads\/2021\/10\/G_DATA_Partnerlogos_01_Authorized-Partner.png\" alt=\"Rima IT ist Partner des Unternehmens G-Data\" width=\"420\" height=\"227\" srcset=\"https:\/\/www.rima-it.at\/rima\/wp-content\/uploads\/2021\/10\/G_DATA_Partnerlogos_01_Authorized-Partner.png 420w, https:\/\/www.rima-it.at\/rima\/wp-content\/uploads\/2021\/10\/G_DATA_Partnerlogos_01_Authorized-Partner-300x162.png 300w\" sizes=\"auto, (max-width: 420px) 100vw, 420px\" \/><\/a><\/p>\n<\/div><\/div><\/div><\/div><div id=\"pg-2-3\"  class=\"panel-grid panel-has-style\" ><div class=\"siteorigin-panels-stretch panel-row-style panel-row-style-for-2-3\" data-stretch-type=\"full\" ><div id=\"pgc-2-3-0\"  class=\"panel-grid-cell\" ><div id=\"panel-2-3-0-0\" class=\"so-panel widget widget_black-studio-tinymce widget_black_studio_tinymce panel-first-child\" data-index=\"9\" ><div class=\"panel-widget-style panel-widget-style-for-2-3-0-0\" ><div class=\"textwidget\"><h2 style=\"text-align: center;\"><span style=\"color: #6ecaf3;\">Manfred Rippl - IT Techniker, ist Ihr verl\u00e4sslicher Partner im Bereich Server u. IT Betreuung.<\/span><\/h2>\n<\/div><\/div><\/div><div id=\"panel-2-3-0-1\" class=\"so-panel widget widget_sow-button panel-last-child\" data-index=\"10\" ><div\n\t\t\t\n\t\t\tclass=\"so-widget-sow-button so-widget-sow-button-atom-d6553e8315f3-2\"\n\t\t\t\n\t\t><div class=\"ow-button-base ow-button-align-center\"\n>\n\t\t\t<a\n\t\t\t\t\thref=\"https:\/\/www.rima-it.at\/rima\/kontakt\/\"\n\t\t\t\t\tclass=\"sowb-button ow-icon-placement-left ow-button-hover\" \t>\n\t\t<span>\n\t\t\t<span class=\"sow-icon-fontawesome sow-far\" data-sow-icon=\"&#xf0e0;\"\n\t\tstyle=\"\" \n\t\taria-hidden=\"true\"><\/span>\n\t\t\tKontakt \t\t<\/span>\n\t\t\t<\/a>\n\t<\/div>\n<\/div><\/div><\/div><\/div><\/div><\/div>","protected":false},"excerpt":{"rendered":"<p>Support Schnelle und kompetente Hilfe f\u00fcr unsere Kunden sehe ich als meine Pflicht an. Egal ob Komplettbetreuung Ihrer IT Umgebung auf Basis einer Pauschale, oder Dienstleistung nach Bedarf . Viele M\u00f6glichkeiten, bedarfsgerecht und personalisiert: eben so, wie Sie es w\u00fcnschen. Schulungen \u00fcber IT Sicherheit Schulungen Internet Sicherheit und Gefahren des Internets Wartung Workstation-Wartung Die Wartung [&hellip;]<\/p>\n","protected":false},"author":1,"featured_media":0,"parent":0,"menu_order":0,"comment_status":"closed","ping_status":"open","template":"","meta":{"ocean_post_layout":"full-width","ocean_both_sidebars_style":"","ocean_both_sidebars_content_width":0,"ocean_both_sidebars_sidebars_width":0,"ocean_sidebar":"0","ocean_second_sidebar":"0","ocean_disable_margins":"enable","ocean_add_body_class":"","ocean_shortcode_before_top_bar":"","ocean_shortcode_after_top_bar":"","ocean_shortcode_before_header":"","ocean_shortcode_after_header":"","ocean_has_shortcode":"","ocean_shortcode_after_title":"","ocean_shortcode_before_footer_widgets":"","ocean_shortcode_after_footer_widgets":"","ocean_shortcode_before_footer_bottom":"","ocean_shortcode_after_footer_bottom":"","ocean_display_top_bar":"default","ocean_display_header":"default","ocean_header_style":"","ocean_center_header_left_menu":"0","ocean_custom_header_template":"0","ocean_custom_logo":0,"ocean_custom_retina_logo":0,"ocean_custom_logo_max_width":0,"ocean_custom_logo_tablet_max_width":0,"ocean_custom_logo_mobile_max_width":0,"ocean_custom_logo_max_height":0,"ocean_custom_logo_tablet_max_height":0,"ocean_custom_logo_mobile_max_height":0,"ocean_header_custom_menu":"0","ocean_menu_typo_font_family":"0","ocean_menu_typo_font_subset":"","ocean_menu_typo_font_size":0,"ocean_menu_typo_font_size_tablet":0,"ocean_menu_typo_font_size_mobile":0,"ocean_menu_typo_font_size_unit":"px","ocean_menu_typo_font_weight":"","ocean_menu_typo_font_weight_tablet":"","ocean_menu_typo_font_weight_mobile":"","ocean_menu_typo_transform":"","ocean_menu_typo_transform_tablet":"","ocean_menu_typo_transform_mobile":"","ocean_menu_typo_line_height":0,"ocean_menu_typo_line_height_tablet":0,"ocean_menu_typo_line_height_mobile":0,"ocean_menu_typo_line_height_unit":"","ocean_menu_typo_spacing":0,"ocean_menu_typo_spacing_tablet":0,"ocean_menu_typo_spacing_mobile":0,"ocean_menu_typo_spacing_unit":"","ocean_menu_link_color":"","ocean_menu_link_color_hover":"","ocean_menu_link_color_active":"","ocean_menu_link_background":"","ocean_menu_link_hover_background":"","ocean_menu_link_active_background":"","ocean_menu_social_links_bg":"","ocean_menu_social_hover_links_bg":"","ocean_menu_social_links_color":"","ocean_menu_social_hover_links_color":"","ocean_disable_title":"default","ocean_disable_heading":"default","ocean_post_title":"","ocean_post_subheading":"","ocean_post_title_style":"","ocean_post_title_background_color":"","ocean_post_title_background":0,"ocean_post_title_bg_image_position":"","ocean_post_title_bg_image_attachment":"","ocean_post_title_bg_image_repeat":"","ocean_post_title_bg_image_size":"","ocean_post_title_height":0,"ocean_post_title_bg_overlay":0.5,"ocean_post_title_bg_overlay_color":"","ocean_disable_breadcrumbs":"default","ocean_breadcrumbs_color":"","ocean_breadcrumbs_separator_color":"","ocean_breadcrumbs_links_color":"","ocean_breadcrumbs_links_hover_color":"","ocean_display_footer_widgets":"default","ocean_display_footer_bottom":"default","ocean_custom_footer_template":"0","footnotes":""},"class_list":["post-2","page","type-page","status-publish","hentry","entry"],"yoast_head":"<!-- This site is optimized with the Yoast SEO plugin v26.9 - https:\/\/yoast.com\/product\/yoast-seo-wordpress\/ -->\n<title>RIMA IT Dienstleistungen Solution &amp; Consulting - IT-Technik<\/title>\n<meta name=\"description\" content=\"Schnelle und kompetente Hilfe im BEreich IT-Technik. Komplettbetreuung Ihrer IT Umgebung,Wartung von Workstations, PCs und Notebooks - Salzburg Anthering\" \/>\n<meta name=\"robots\" content=\"index, follow, max-snippet:-1, max-image-preview:large, max-video-preview:-1\" \/>\n<link rel=\"canonical\" href=\"https:\/\/www.rima-it.at\/rima\/\" \/>\n<meta property=\"og:locale\" content=\"de_DE\" \/>\n<meta property=\"og:type\" content=\"article\" \/>\n<meta property=\"og:title\" content=\"RIMA IT Dienstleistungen Solution &amp; Consulting - IT-Technik\" \/>\n<meta property=\"og:description\" content=\"Schnelle und kompetente Hilfe im BEreich IT-Technik. Komplettbetreuung Ihrer IT Umgebung,Wartung von Workstations, PCs und Notebooks - Salzburg Anthering\" \/>\n<meta property=\"og:url\" content=\"https:\/\/www.rima-it.at\/rima\/\" \/>\n<meta property=\"og:site_name\" content=\"rima-it\" \/>\n<meta property=\"article:modified_time\" content=\"2021-10-05T12:18:58+00:00\" \/>\n<meta property=\"og:image\" content=\"https:\/\/www.rima-it.at\/rima\/wp-content\/uploads\/2019\/04\/server-reparatur.png\" \/>\n<meta name=\"twitter:card\" content=\"summary_large_image\" \/>\n<meta name=\"twitter:label1\" content=\"Gesch\u00e4tzte Lesezeit\" \/>\n\t<meta name=\"twitter:data1\" content=\"1\u00a0Minute\" \/>\n<script type=\"application\/ld+json\" class=\"yoast-schema-graph\">{\"@context\":\"https:\/\/schema.org\",\"@graph\":[{\"@type\":\"WebPage\",\"@id\":\"https:\/\/www.rima-it.at\/rima\/\",\"url\":\"https:\/\/www.rima-it.at\/rima\/\",\"name\":\"RIMA IT Dienstleistungen Solution & Consulting - IT-Technik\",\"isPartOf\":{\"@id\":\"https:\/\/www.rima-it.at\/rima\/#website\"},\"primaryImageOfPage\":{\"@id\":\"https:\/\/www.rima-it.at\/rima\/#primaryimage\"},\"image\":{\"@id\":\"https:\/\/www.rima-it.at\/rima\/#primaryimage\"},\"thumbnailUrl\":\"https:\/\/www.rima-it.at\/rima\/wp-content\/uploads\/2019\/04\/server-reparatur.png\",\"datePublished\":\"2019-04-25T03:38:35+00:00\",\"dateModified\":\"2021-10-05T12:18:58+00:00\",\"description\":\"Schnelle und kompetente Hilfe im BEreich IT-Technik. Komplettbetreuung Ihrer IT Umgebung,Wartung von Workstations, PCs und Notebooks - Salzburg Anthering\",\"breadcrumb\":{\"@id\":\"https:\/\/www.rima-it.at\/rima\/#breadcrumb\"},\"inLanguage\":\"de\",\"potentialAction\":[{\"@type\":\"ReadAction\",\"target\":[\"https:\/\/www.rima-it.at\/rima\/\"]}]},{\"@type\":\"ImageObject\",\"inLanguage\":\"de\",\"@id\":\"https:\/\/www.rima-it.at\/rima\/#primaryimage\",\"url\":\"https:\/\/www.rima-it.at\/rima\/wp-content\/uploads\/2019\/04\/server-reparatur.png\",\"contentUrl\":\"https:\/\/www.rima-it.at\/rima\/wp-content\/uploads\/2019\/04\/server-reparatur.png\",\"width\":211,\"height\":211},{\"@type\":\"BreadcrumbList\",\"@id\":\"https:\/\/www.rima-it.at\/rima\/#breadcrumb\",\"itemListElement\":[{\"@type\":\"ListItem\",\"position\":1,\"name\":\"Home\",\"item\":\"https:\/\/www.rima-it.at\/rima\/\"},{\"@type\":\"ListItem\",\"position\":2,\"name\":\"RIMA IT Dienstleistungen Solution &#038; Consulting\"}]},{\"@type\":\"WebSite\",\"@id\":\"https:\/\/www.rima-it.at\/rima\/#website\",\"url\":\"https:\/\/www.rima-it.at\/rima\/\",\"name\":\"rima-it\",\"description\":\"IT - Dienstleistungen - Solution - Consulting\",\"publisher\":{\"@id\":\"https:\/\/www.rima-it.at\/rima\/#organization\"},\"potentialAction\":[{\"@type\":\"SearchAction\",\"target\":{\"@type\":\"EntryPoint\",\"urlTemplate\":\"https:\/\/www.rima-it.at\/rima\/?s={search_term_string}\"},\"query-input\":{\"@type\":\"PropertyValueSpecification\",\"valueRequired\":true,\"valueName\":\"search_term_string\"}}],\"inLanguage\":\"de\"},{\"@type\":\"Organization\",\"@id\":\"https:\/\/www.rima-it.at\/rima\/#organization\",\"name\":\"RIMA IT\",\"url\":\"https:\/\/www.rima-it.at\/rima\/\",\"logo\":{\"@type\":\"ImageObject\",\"inLanguage\":\"de\",\"@id\":\"https:\/\/www.rima-it.at\/rima\/#\/schema\/logo\/image\/\",\"url\":\"https:\/\/www.rima-it.at\/rima\/wp-content\/uploads\/2019\/04\/rm_it_dienstleistungen_logo.png\",\"contentUrl\":\"https:\/\/www.rima-it.at\/rima\/wp-content\/uploads\/2019\/04\/rm_it_dienstleistungen_logo.png\",\"width\":210,\"height\":211,\"caption\":\"RIMA IT\"},\"image\":{\"@id\":\"https:\/\/www.rima-it.at\/rima\/#\/schema\/logo\/image\/\"}}]}<\/script>\n<!-- \/ Yoast SEO plugin. -->","yoast_head_json":{"title":"RIMA IT Dienstleistungen Solution & Consulting - IT-Technik","description":"Schnelle und kompetente Hilfe im BEreich IT-Technik. Komplettbetreuung Ihrer IT Umgebung,Wartung von Workstations, PCs und Notebooks - Salzburg Anthering","robots":{"index":"index","follow":"follow","max-snippet":"max-snippet:-1","max-image-preview":"max-image-preview:large","max-video-preview":"max-video-preview:-1"},"canonical":"https:\/\/www.rima-it.at\/rima\/","og_locale":"de_DE","og_type":"article","og_title":"RIMA IT Dienstleistungen Solution & Consulting - IT-Technik","og_description":"Schnelle und kompetente Hilfe im BEreich IT-Technik. Komplettbetreuung Ihrer IT Umgebung,Wartung von Workstations, PCs und Notebooks - Salzburg Anthering","og_url":"https:\/\/www.rima-it.at\/rima\/","og_site_name":"rima-it","article_modified_time":"2021-10-05T12:18:58+00:00","og_image":[{"url":"https:\/\/www.rima-it.at\/rima\/wp-content\/uploads\/2019\/04\/server-reparatur.png","type":"","width":"","height":""}],"twitter_card":"summary_large_image","twitter_misc":{"Gesch\u00e4tzte Lesezeit":"1\u00a0Minute"},"schema":{"@context":"https:\/\/schema.org","@graph":[{"@type":"WebPage","@id":"https:\/\/www.rima-it.at\/rima\/","url":"https:\/\/www.rima-it.at\/rima\/","name":"RIMA IT Dienstleistungen Solution & Consulting - IT-Technik","isPartOf":{"@id":"https:\/\/www.rima-it.at\/rima\/#website"},"primaryImageOfPage":{"@id":"https:\/\/www.rima-it.at\/rima\/#primaryimage"},"image":{"@id":"https:\/\/www.rima-it.at\/rima\/#primaryimage"},"thumbnailUrl":"https:\/\/www.rima-it.at\/rima\/wp-content\/uploads\/2019\/04\/server-reparatur.png","datePublished":"2019-04-25T03:38:35+00:00","dateModified":"2021-10-05T12:18:58+00:00","description":"Schnelle und kompetente Hilfe im BEreich IT-Technik. Komplettbetreuung Ihrer IT Umgebung,Wartung von Workstations, PCs und Notebooks - Salzburg Anthering","breadcrumb":{"@id":"https:\/\/www.rima-it.at\/rima\/#breadcrumb"},"inLanguage":"de","potentialAction":[{"@type":"ReadAction","target":["https:\/\/www.rima-it.at\/rima\/"]}]},{"@type":"ImageObject","inLanguage":"de","@id":"https:\/\/www.rima-it.at\/rima\/#primaryimage","url":"https:\/\/www.rima-it.at\/rima\/wp-content\/uploads\/2019\/04\/server-reparatur.png","contentUrl":"https:\/\/www.rima-it.at\/rima\/wp-content\/uploads\/2019\/04\/server-reparatur.png","width":211,"height":211},{"@type":"BreadcrumbList","@id":"https:\/\/www.rima-it.at\/rima\/#breadcrumb","itemListElement":[{"@type":"ListItem","position":1,"name":"Home","item":"https:\/\/www.rima-it.at\/rima\/"},{"@type":"ListItem","position":2,"name":"RIMA IT Dienstleistungen Solution &#038; Consulting"}]},{"@type":"WebSite","@id":"https:\/\/www.rima-it.at\/rima\/#website","url":"https:\/\/www.rima-it.at\/rima\/","name":"rima-it","description":"IT - Dienstleistungen - Solution - Consulting","publisher":{"@id":"https:\/\/www.rima-it.at\/rima\/#organization"},"potentialAction":[{"@type":"SearchAction","target":{"@type":"EntryPoint","urlTemplate":"https:\/\/www.rima-it.at\/rima\/?s={search_term_string}"},"query-input":{"@type":"PropertyValueSpecification","valueRequired":true,"valueName":"search_term_string"}}],"inLanguage":"de"},{"@type":"Organization","@id":"https:\/\/www.rima-it.at\/rima\/#organization","name":"RIMA IT","url":"https:\/\/www.rima-it.at\/rima\/","logo":{"@type":"ImageObject","inLanguage":"de","@id":"https:\/\/www.rima-it.at\/rima\/#\/schema\/logo\/image\/","url":"https:\/\/www.rima-it.at\/rima\/wp-content\/uploads\/2019\/04\/rm_it_dienstleistungen_logo.png","contentUrl":"https:\/\/www.rima-it.at\/rima\/wp-content\/uploads\/2019\/04\/rm_it_dienstleistungen_logo.png","width":210,"height":211,"caption":"RIMA IT"},"image":{"@id":"https:\/\/www.rima-it.at\/rima\/#\/schema\/logo\/image\/"}}]}},"_links":{"self":[{"href":"https:\/\/www.rima-it.at\/rima\/wp-json\/wp\/v2\/pages\/2","targetHints":{"allow":["GET"]}}],"collection":[{"href":"https:\/\/www.rima-it.at\/rima\/wp-json\/wp\/v2\/pages"}],"about":[{"href":"https:\/\/www.rima-it.at\/rima\/wp-json\/wp\/v2\/types\/page"}],"author":[{"embeddable":true,"href":"https:\/\/www.rima-it.at\/rima\/wp-json\/wp\/v2\/users\/1"}],"replies":[{"embeddable":true,"href":"https:\/\/www.rima-it.at\/rima\/wp-json\/wp\/v2\/comments?post=2"}],"version-history":[{"count":57,"href":"https:\/\/www.rima-it.at\/rima\/wp-json\/wp\/v2\/pages\/2\/revisions"}],"predecessor-version":[{"id":160,"href":"https:\/\/www.rima-it.at\/rima\/wp-json\/wp\/v2\/pages\/2\/revisions\/160"}],"wp:attachment":[{"href":"https:\/\/www.rima-it.at\/rima\/wp-json\/wp\/v2\/media?parent=2"}],"curies":[{"name":"wp","href":"https:\/\/api.w.org\/{rel}","templated":true}]}}